divide 495003271?
False
Does 60 divide 458274512?
False
Does 32 divide 4126240?
True
Is 559 a factor of 27820877?
False
Is 208 a factor of 247271770?
False
Is 70 a factor of 5556460?
True
Is 27519231 a multiple of 249?
True
Is 28 a factor of 6857368?
True
Does 202 divide 145349007?
False
Does 115 divide 1091232025?
False
Does 1368 divide 19416317?
False
Does 656 divide 36184960?
True
Is 3609148185 a multiple of 1831?
True
Is 17893678 a multiple of 145?
False
Is 5703231352 a multiple of 1742?
True
Is 33898700 a multiple of 11?
True
Is 1019755181 a multiple of 4511?
False
Is 41 a factor of 171443919?
True
Is 8080109 a multiple of 11?
False
Does 90 divide 4512510?
True
Does 199 divide 9618123?
False
Is 3395888717 a multiple of 89?
True
Is 12 a factor of 83481972?
True
Is 1370348311 a multiple of 10?
False
Is 984272190 a multiple of 15?
True
Does 5619 divide 239388328?
False
Is 5 a factor of 319079043?
False
Does 5 divide 43888290?
True
Does 3987 divide 73937600?
False
Is 1777 a factor of 71126202?
True
Does 7 divide 171191330?
False
Does 45 divide 386862?
False
Does 63 divide 66242223?
False
Does 1660 divide 13142220?
True
Does 298 divide 46573885?
False
Does 349 divide 44468721?
False
Is 61136802 a multiple of 2738?
True
Is 184 a factor of 413632?
True
Is 66334755 a multiple of 393?
False
Is 304 a factor of 2643175728?
True
Is 471128687 a multiple of 46?
False
Is 519 a factor of 2818859751?
True
Is 35470561 a multiple of 67?
False
Is 1545 a factor of 138356295?
True
Is 152716440 a multiple of 408?
True
Does 154 divide 145167946?
True
Is 21554997 a multiple of 21?
False
Is 1743533 a multiple of 341?
True
Is 6722 a factor of 1343055600?
True
Is 928 a factor of 197594400?
True
Is 257803040 a multiple of 58?
True
Is 57080679 a multiple of 872?
False
Does 187 divide 48104628?
True
Is 11 a factor of 89075195?
True
Is 21166268 a multiple of 1556?
True
Is 767 a factor of 69925305?
False
Is 1877 a factor of 36387522?
True
Does 798 divide 42179789?
False
Is 3 a factor of 24556104?
True
Is 171803141 a multiple of 104?
False
Is 61148592 a multiple of 2448?
True
Is 1798155744 a multiple of 472?
True
Is 2694 a factor of 1273858486?
False
Does 11 divide 29869554?
True
Is 107843190 a multiple of 15?
True
Is 559576292 a multiple of 23?
True
Is 14 a factor of 69192704?
True
Is 75720531 a multiple of 23?
True
Is 611485932 a multiple of 12?
True
Does 385 divide 146034094?
False
Does 1048 divide 133309792?
True
Is 3866269 a multiple of 4?
False
Is 6319 a factor of 594036552?
True
Is 457 a factor of 50820165?
False
Is 396 a factor of 681720443?
False
Is 24308675 a multiple of 244?
False
Is 13 a factor of 1028492673?
True
Is 537 a factor of 27198937?
False
Does 205 divide 14802941?
False
Is 134 a factor of 81147497?
False
Is 31 a factor of 92710150?
True
Is 393 a factor of 525651?
False
Is 390253172 a multiple of 7?
False
Is 3137946 a multiple of 6?
True
Does 311 divide 32050727?
True
Is 3622 a factor of 2028697480?
False
Is 644216 a multiple of 124?
False
Is 67 a factor of 3774585?
False
Does 678 divide 1669270578?
True
Does 46 divide 2101142?
True
Is 36182640 a multiple of 26?
True
Is 4437895 a multiple of 75?
False
Is 3517739540 a multiple of 3989?
True
Is 96686184 a multiple of 7?
True
Is 14 a factor of 21354455?
False
Is 4 a factor of 35250470?
False
Does 11 divide 351852600?
True
Is 8 a factor of 1786093808?
True
Does 23 divide 22044223?
False
Is 107 a factor of 57790780?
False
Is 10966914 a multiple of 513?
True
Is 42095558 a multiple of 21?
False
Is 91853762 a multiple of 1118?
True
Does 6 divide 104616072?
True
Is 338 a factor of 1957020?
True
Is 297 a factor of 34294549?
False
Is 20 a factor of 16537100?
True
Does 184 divide 2634588642?
False
Does 11 divide 1477178346?
False
Is 585 a factor of 10206064?
False
Is 68487495 a multiple of 3363?
True
Is 8 a factor of 179778418?
False
Is 42970824 a multiple of 234?
True
Is 32 a factor of 826238656?
True
Does 15 divide 4966173000?
True
Does 13 divide 2155179520?
True
Does 43 divide 173249?
False
Is 301 a factor of 5276582?
False
Is 1346 a factor of 159369237?
False
Is 17 a factor of 23453914?
True
Is 1642 a factor of 48133416?
False
Does 6 divide 181633329?
False
Does 12 divide 1694444964?
True
Does 211 divide 70722980?
True
Does 877 divide 14566970?
True
Is 5621949 a multiple of 548?
False
Is 11741016 a multiple of 119?
True
Is 175100173 a multiple of 67?
False
Is 130743234 a multiple of 842?
True
Is 35461828 a multiple of 19?
True
Is 144 a factor of 290406058?
False
Is 122 a factor of 297757993?
False
Does 9 divide 917946018?
True
Does 1258 divide 353333202?
True
Does 19 divide 198217397?
False
Is 2222 a factor of 2796915836?
True
Is 72763482 a multiple of 66?
True
Does 105 divide 255350025?
True
Is 56963088 a multiple of 8?
True
Is 11 a factor of 2087465204?
True
Is 6340404 a multiple of 2458?
False
Is 1578 a factor of 207682158?
True
Is 448231 a multiple of 7?
True
Does 845 divide 486303415?
True
Does 21 divide 223324395?
True
Is 102 a factor of 387151710?
True
Is 7 a factor of 59485734?
True
Is 34 a factor of 206019408?
False
Does 12 divide 358622256?
True
Does 13 divide 25777961?
False
Is 3017 a factor of 914126864?
True
Is 106861804 a multiple of 1084?
True
Is 3605801980 a multiple of 10?
True
Does 175 divide 1889312950?
True
Is 229062080 a multiple of 1360?
True
Is 533 a factor of 46143942?
True
Is 1296835325 a multiple of 40?
False
Does 20 divide 254627340?
True
Is 2742 a factor of 158369694?
True
Does 11 divide 498523023?
False
Is 12 a factor of 102421476?
True
Is 77459782 a multiple of 36?
False
Is 12 a factor of 313962895?
False
Is 15330515 a multiple of 2908?
False
Is 5512393 a multiple of 257?
True
Is 28353042 a multiple of 102?
True
Does 306 divide 2032758?
True
Is 21 a factor of 25274757?
False
Is 5813 a factor of 190753595?
True
Does 718 divide 365876286?
True
Is 22708996 a multiple of 4?
True
Is 320 a factor of 140146240?
True
Does 49 divide 1159634?
True
Is 1056358338 a multiple of 47?
False
Does 373 divide 124436530?
True
Does 509 divide 392184262?
False
Does 37 divide 500808315?
False
Does 118 divide 167088?
True
Is 27 a factor of 492514?
False
Does 26 divide 17024245?
False
Does 319 divide 26925833?
True
Does 416 divide 253133920?
True
Is 939034482 a multiple of 1909?
False
Is 140793066 a multiple of 74?
True
Does 65 divide 23257390?
True
Does 301 divide 12468883?
False
Is 1797 a factor of 23921664?
True
Is 109 a factor of 4083590?
False
Does 360 divide 772737688?
False
Is 6832 a factor of 624683920?
True
Is 23 a factor of 39886418?
False
Is 379 a factor of 496354697?
True
Is 9 a factor of 1217132064?
True
Is 227 a factor of 142300623?
False
Is 18 a factor of 1293076890?
True
Does 15 divide 7628446?
False
Is 170298944 a multiple of 2715?
False
Is 1331127 a multiple of 3?
True
Is 17 a factor of 422999117?
True
Does 759 divide 2024485097?
False
Is 17663206 a multiple of 11?
True
Does 575 divide 11517369?
False
Is 46598040 a multiple of 60?
True
Does 497 divide 41941830?
True
Is 116 a factor of 1078260716?
True
Is 12003775 a multiple of 11?
False
Is 156 a factor of 68732352?
True
Does 27 divide 40821327?
True
Is 155051624 a multiple of 5796?
False
Does 49 divide 11022575?
False
Does 4 divide 4212076?
True
Is 137228104 a multiple of 37?
False
Is 29 a factor of 1685233766?
False
Is 1228 a factor of 443648156?
True
Is 5671434 a multiple of 6?
True
Is 417801675 a multiple of 14?
False
Does 12 divide 98582076?
True
Is 45 a factor of 69347025?
True
Does 2866 divide 391650364?
True
Is 33 a factor of 90025815?
True
Is 431132849 a multiple of 45?
False
Is 7 a factor of 230733566?
True
Does 51 divide 10156024?
False
Does 710 divide 69997480?
True
Is 751721152 a multiple of 13?
True
Is 4070 a factor of 1079946268?
False
Does 1045 divide 35993980?
True
Is 17 a factor of 203936600?
False
Is 436 a factor of 9305112?
True
Does 7 divide 588106281?
True
Is 565 a factor of 281391470?
True
Is 58067365 a multiple of 23?
False
Is 186015235 a multiple of 392?
False
Is 130844559 a multiple of 130?
False
Is 833 a factor of 109363737?
True
Is 64470192 a multiple of 2676?
True
Does 1147 divide 70769900?
True
Is 876 a factor of 604285791?
False
Is 223 a factor of 855244?
False
Is 40552776 a multiple of 72?
True
Does 4